3 + 0 + 4. What are the prime factors of b/32 - ((-2)/(-16) - 0)?
2, 5, 13
Suppose 3286 = 3*v + 5*h, -4*v = h + 4*h - 4388. List the prime factors of v.
2, 19, 29
Let k = 1142 - 282. What are the prime factors of k?
2, 5, 43
Let w = 20 + -17. Suppose -3*z = 4*i + i - 1, -9 = -w*z - 3*i. List the prime factors of z.
7
Let q = 1174 + 3662. What are the prime factors of q?
2, 3, 13, 31
What are the prime factors of 12*5/30*(-613)/(-1)?
2, 613
Suppose -37*l + 93798 - 30528 = 0. What are the prime factors of l?
2, 3, 5, 19
Let r(p) = 45*p**2 + 3*p - 1. Suppose -4 = 5*q - 3*t, -3*q - t + 5 = -q. List the prime factors of r(q).
47
Let h(p) = 4*p**2 - 12*p - 11. Let j be h(-7). Let k = 434 - j. What are the prime factors of k?
3, 5, 11
Suppose -j - 3 = -0*j. Suppose -5*w - 4*v = -9*v - 75, -4*w + 69 = 5*v. List the prime factors of w + 12/4 + j.
2
Let j(o) = o**2 - 4*o. Let r be j(4). Suppose r*q = 7*q - 28. Suppose -q*u - 108 = -372. What are the prime factors of u?
2, 3, 11
Let t(y) = y**3 - 8*y**2 - y - 7. Let r be t(6). Let u = -39 - r. What are the prime factors of u?
2, 23
Let z = -13 + 6. Let k be -4*(z/2 - -4). What are the prime factors of k/8 - (-73)/4?
2, 3
Suppose 0 = x - 3 + 6. Let j be (-2 - x/2)*-142. List the prime factors of 1/3 - j/(-3).
2, 3
Suppose r = 3*t + 189, -2*r + t - 385 = -4*r. List the prime factors of r.
2, 3
Let m = 3842 + 1472. What are the prime factors of m?
2, 2657
Let i(b) = 80*b + 6. Let o(x) = x. Let w be o(-3). Let s be i(w). List the prime factors of s/4*4/(-6).
3, 13
Let n be ((-140)/(-4))/5 - -2. Suppose -2*m - 4*i + 392 = -n*i, -3*m + 5*i + 598 = 0. What are the prime factors of m?
2, 103
What are the prime factors of (-22)/(-22) + 0 + 470?
3, 157
Let u(o) = -o**2 - 3*o. Let x be u(-3). Suppose -38 = -x*m - m. Let q = m + -12. List the prime factors of q.
2, 13
Let z be (-11)/(-3) + (-4)/(-3). Suppose -5*n + m = -263, 0*n = z*n - 3*m - 259. What are the prime factors of n?
53
Let t(u) = -14*u - 6. Let r be t(16). Let z = r - -387. List the prime factors of z.
157
Let l(g) = -g**3 - 13*g**2 - 13*g - 11. Let j be l(-12). What are the prime factors of (j*-6)/(-2) - -31?
2, 17
Suppose 2*f - 8 = -6. Let t be 68 + -3 + 6/f. What are the prime factors of t + (4 + -3)/(-1)?
2, 5, 7
Let h(s) = 4*s**2 + 7*s + 20. Let c be h(-15). Suppose -c = -5*r - 315. Suppose 4*w - r = 112. List the prime factors of w.
53
Let r(k) = 50*k**2 - 37*k + 579. What are the prime factors of r(11)?
2, 3, 17, 61
Let h = -33 + 43. Let o(y) = 3*y - 19. What are the prime factors of o(h)?
11
Let i be 25/((-1)/10*-2). Suppose -4*p + i = f, -f = -0*p + p - 29. Let v = p + -19. List the prime factors of v.
13
Suppose -2*m - 4 = -4*b, 2*b - 2*m + 6 = 4. Suppose 0 = 4*v - 66 - 34. Suppose -b*y + 8*y = v. List the prime factors of y.
5
What are the prime factors of 3/(-1) - (-31 + -3)?
31
Let j be (1 + 1 - 5) + 30. Let v = j + -36. List the prime factors of (5 + -7)/(2/v).
3
Suppose -97*z = -83*z - 20006. What are the prime factors of z?
1429
Suppose -i = -3*i + 44. Suppose -2*o = -4*m + i, 5*m + 4*o = 15 + 6. Suppose 79 = 2*t + m*s, -4*s + 3*s = -5*t + 130. What are the prime factors of t?
3
Let u(o) be the first derivative of -o**2/2 + 14*o + 6. Let k be u(10). List the prime factors of k/10 - (-116)/10.
2, 3
Let x be 4107/(-18) + 4/24. List the prime factors of x/10*35/(-14).
3, 19
Suppose -529 = -d + 2*l + 785, -4*d - 2*l + 5226 = 0. What are the prime factors of d?
2, 3, 109
Let q(z) = 18*z. Suppose 3*y - 6 = -5*a, a - 10 = -5*y - 2*a. Suppose 12 = r - 2*m, 5*r + 3*m + y = -3. What are the prime factors of q(r)?
2, 3
Let d = 54 + 103. What are the prime factors of d?
157
Let z be 1*3 + (-9 - -9). Suppose -5*v = -k - 439, -3*v + 265 = -2*k + z*k. What are the prime factors of v?
2, 11
Let p = -469 - -932. List the prime factors of p.
463
Suppose h = 543 - 78. What are the prime factors of h?
3, 5, 31
Let g be ((-4)/(-5))/(12/30). Suppose 3*s - 165 = -g*s. Suppose 0 = h - 1 - s. List the prime factors of h.
2, 17
Suppose -2*j = j + 63. Let a = -21 - j. Suppose 2*t = -a*t + 80. What are the prime factors of t?
2, 5
Suppose -1 = i - 6. Let m(y) = y**2 - 8*y + 9. Let u be m(i). Let t = 4 - u. List the prime factors of t.
2, 5
Let h(v) = -6 - v + 4 + 14 + 0*v. Let m be h(10). Let o = m - -16. List the prime factors of o.
2, 3
Let z(w) = -4*w + 1. Let o(n) = -n + 1. Let h(m) = -3*o(m) + z(m). Let t be h(-2). Let l(r) = r**2 + 2*r + 22. List the prime factors of l(t).
2, 11
Suppose -2*u + 114 = -3*v, -5*u + 26 - 161 = 3*v. Let h = -31 - v. What are the prime factors of h?
3
Let i = 88 + -56. Let h = -30 + i. Suppose -70 = -3*q - h*q. List the prime factors of q.
2, 7
Let d(g) = -g - 2. Let k be d(-6). Suppose -37 + 13 = -8*w. Suppose -k*y = -l - 8, w*l = -0*l + 4*y + 16. What are the prime factors of l?
2, 3
Suppose 5*y = 0, -152 = -v + 9*y - 7*y. Let r = v + -51. What are the prime factors of r?
101
Suppose -w + 2*h + 2 = 0, 5*w - 2*h = -7*h - 5. Suppose w = g + 2*i - 5 - 3, -3*g - i + 34 = 0. List the prime factors of g.
2, 3
Let o(l) = 6*l**2 - 9*l + 7. What are the prime factors of o(-7)?
2, 7, 13
Let s be (0 + 12)*(-1)/(-2). Suppose -3*k - 36 = -s*k. What are the prime factors of 2/k + 442/12?
37
Let y be 2/10 - 511/5. Let s be 4/18 - y/27. Suppose -c - s*i = 3*c - 96, -43 = -2*c + 3*i. List the prime factors of c.
23
List the prime factors of (4 - 3)*-1*(-726 - 1).
727
Let f(j) = -3*j - 11. Let o(h) = h. Let w(q) = f(q) + 2*o(q). Let g be w(-11). Let z = 11 + g. What are the prime factors of z?
11
Suppose 4*n + 3842 = 5*d, 774 = 2*d - d + 2*n. List the prime factors of d.
2, 5, 7, 11
Let b(t) = t + 2. Let d be b(-3). Let w(g) = -5*g**2 + 5. Let r(l) = l**2 + 1. Let k(z) = 4*r(z) - w(z). What are the prime factors of k(d)?
2
Let y be (4/(-7))/((-8)/56). Suppose 0 = -3*p + a - y + 6, 4 = -2*p - 2*a. Suppose p = m + 12 - 29. List the prime factors of m.
17
What are the prime factors of (-2 + -1)*(-9)/9*131?
3, 131
Let h(d) = -38*d + 1529. List the prime factors of h(0).
11, 139
Suppose 0 = -7*v + 9*v - 56. Suppose -4*o + 4*a - a + v = 0, -o = -a - 7. List the prime factors of o.
7
What are the prime factors of (3689/34)/((-4)/(-56))?
7, 31
Let l = -357 - -645. Suppose -7*a - 2*a = -l. List the prime factors of a.
2
Let z(k) = -k**3 + 7*k**2 + 8*k + 5. Let o = -54 + 33. Let g = o + 29. List the prime factors of z(g).
5
Let n(c) = -19*c - 20. Let g be n(-4). Let x = g - -32. What are the prime factors of x?
2, 11
Let y(q) = -q**3 + 11*q**2 - 16*q - 13. Let i be y(9). Suppose -2*v - i = h - 14, v + 4*h = 22. List the prime factors of 69 - (v + 0 + 1).
2, 3, 11
Suppose 11*z - 8*z - 9 = 0. Suppose z*d - 2*o - 84 = 0, d - 3*o + 28 = 2*d. List the prime factors of d.
2, 7
Suppose 3*g + 228 - 1344 = 0. What are the prime factors of g?
2, 3, 31
Let p(n) be the second derivative of n**5/20 + 3*n**4/4 + 11*n**3/6 + 5*n**2 + 13*n. What are the prime factors of p(-4)?
2, 23
Let z(r) = 2*r**3 + 2*r**2 - 3. Let d be z(2). Suppose 0 = -d*o + 18*o + 90. List the prime factors of o.
2, 3, 5
What are the prime factors of 5*(-10)/(-175) - (-2628)/14?
2, 47
Suppose 0 = -16*v + 5*v + 3619. What are the prime factors of v?
7, 47
Let b(o) = o**2 - 3*o - 22. Let n be b(7). Let z(c) = 16*c + 21. What are the prime factors of z(n)?
3, 13
Let g(a) = a**3 + 13*a**2 + 13. Let v be g(-13). Suppose 1 + v = 2*i. List the prime factors of i.
7
Suppose -c + 12 = 3*l - 0*c, 4*c - 9 = l. Let t(a) = 19*a**l - 3 - 20*a**3 + 11 - 15*a**2 - 17*a. What are the prime factors of t(-14)?
2, 5
Let z(w) = -w - 12. Let v be z(-12). Suppose -3*j + 2*j = v. List the prime factors of 6 + 4/(-8)*j.
2, 3
Let u = 49 - -22. Let a = -2 + u. List the prime factors of a.
3, 23
Let t = 67 - 73. What are the prime factors of ((3 + 0)/3)/(t/(-1146))?
191
Let o = -457 + 2471. List the prime factors of o.
2, 19, 53
Suppose 5*m - 345 = -5*y, -y + 4*m + 150 = y. Let a = 148 - y. What are the prime factors of a?
7, 11
Let k = -172 + 95. Let f be -3*(-2)/6 + k. Let b = -47 - f. List the prime factors of b.
29
Let l(d) = -2*d**3 + 7*d**2 + 8. Let t be l(6). What are the prime factors of (t/2)/(6/(-9))?
3, 43
Let o = 21 + -17. Suppose -o*u - 2 = -14. Suppose 0 = 6*b - u - 51. What are the prime factors of b?
3
Su